NOAA-Style Climate Reports

2024: Jan | Feb | Mar | Apr | May | Jun | Jul | Aug | Sep | Oct | Nov | Dec 
2023: Jan | Feb | Mar | Apr | May | Jun | Jul | Aug | Sep | Oct | Nov | Dec 
2022: Jan | Feb | Mar | Apr | May | Jun | Jul | Aug | Sep | Oct | Nov | Dec 
2021: Jan | Feb | Mar | Apr | May | Jun | Jul | Aug | Sep | Oct | Nov | Dec 
2020: Jan | Feb | Mar | Apr | May | Jun | Jul | Aug | Sep | Oct | Nov | Dec 
2019: Jan | Feb | Mar | Apr | May | Jun | Jul | Aug | Sep | Oct | Nov | Dec 

Report for 2024 06
MONTHLY CLIMATOLOGICAL SUMMARY for Jun 2024 NAME: Tagarades Thermi ELEV: 60 meters LAT: 40-29.38 N LONG: 023-01.45 E TEMPERATURE (Β°C), RAIN (mm), WIND SPEED (km/h) HEAT COOL AVG MEAN DEG DEG WIND DOM DAY TEMP HIGH TIME LOW TIME DAYS DAYS RAIN SPEED HIGH TIME DIR --------------------------------------------------------------------------------------- 01 23.4 31.7 14:15 15.7 05:50 0.0 5.1 0.0 7.2 29.9 17:36 191 02 25.1 34.7 14:21 16.7 04:15 0.0 6.8 0.0 7.3 29.9 18:51 198 03 25.8 34.7 12:22 18.1 05:10 0.0 7.5 0.0 5.7 29.2 13:20 196 04 26.9 36.3 15:39 18.3 07:02 0.0 8.6 0.0 6.8 23.8 18:53 230 05 26.9 37.1 16:35 17.6 05:35 0.0 8.5 0.0 6.6 31.7 18:30 243 06 26.3 34.6 15:35 19.4 03:53 0.0 8.0 0.0 7.3 29.2 16:33 214 07 27.3 34.5 14:25 19.9 02:53 0.0 9.0 0.0 6.9 47.5 15:25 212 08 27.1 35.4 13:31 19.8 04:40 0.0 8.7 0.0 8.6 50.0 15:33 183 09 26.7 33.5 15:40 19.4 05:04 0.0 8.4 0.0 8.0 27.7 16:28 179 10 27.5 35.0 13:10 20.0 05:12 0.0 9.1 0.0 7.0 30.6 12:30 179 11 29.5 38.3 16:40 19.9 06:10 0.0 11.2 0.0 6.2 29.9 12:45 237 12 30.0 38.3 15:31 21.0 05:22 0.0 11.7 0.0 7.5 33.8 14:16 180 13 28.3 35.9 14:38 22.0 05:43 0.0 9.9 0.0 5.1 29.9 18:12 254 14 28.4 33.2 15:37 23.1 06:15 0.0 10.1 0.0 9.4 52.6 16:58 329 15 25.7 32.7 14:25 17.2 06:20 0.0 7.3 0.0 7.8 31.7 11:56 209 16 25.7 32.2 12:52 17.0 05:52 0.0 7.4 0.0 7.7 29.9 19:31 193 17 18 19 20 21 22 23 24 25 26 27 28 29 30 --------------------------------------------------------------------------------------- 26.9 38.3 11 15.7 01 0.0 137.2 0.0 7.2 52.6 14 208