NOAA-Style Climate Reports
2024: Jan | Feb | Mar | Apr | May | Jun | Jul | Aug | Sep | Oct | Nov | Dec
2023: Jan | Feb | Mar | Apr | May | Jun | Jul | Aug | Sep | Oct | Nov | Dec
2022: Jan | Feb | Mar | Apr | May | Jun | Jul | Aug | Sep | Oct | Nov | Dec
2021: Jan | Feb | Mar | Apr | May | Jun | Jul | Aug | Sep | Oct | Nov | Dec
2020: Jan | Feb | Mar | Apr | May | Jun | Jul | Aug | Sep | Oct | Nov | Dec
2019: Jan | Feb | Mar | Apr | May | Jun | Jul | Aug | Sep | Oct | Nov | Dec
Report for 2019
CLIMATOLOGICAL SUMMARY for year 2019
NAME: Tagarades Thermi
ELEV: 60 meters LAT: 40-29.38 N LONG: 023-01.45 E
TEMPERATURE (Β°C)
HEAT COOL MAX MAX MIN MIN
MEAN MEAN DEG DEG >= <= <= <=
YR MO MAX MIN MEAN DAYS DAYS HI DAY LOW DAY 30 0 0 -20
------------------------------------------------------------------------------------------------
2019 01
2019 02 12,9 1,8 6,8 252,9 0,0 18,7 18 -1,8 26 0 0 5 0
2019 03 18,7 5,8 11,9 206,9 0,0 25,3 10 1,5 01 0 0 0 0
2019 04 20,5 8,3 13,9 132,5 0,0 27,1 26 4,0 04 0 0 0 0
2019 05 26,2 12,1 18,9 22,4 41,4 31,5 30 7,2 09 2 0 0 0
2019 06 33,5 18,6 25,7 0,0 216,8 37,9 28 12,4 03 23 0 0 0
2019 07 34,6 20,3 27,3 0,0 152,4 39,8 08 16,2 11 15 0 0 0
2019 08 34,7 20,8 27,6 0,0 287,0 39,0 01 18,1 21 31 0 0 0
2019 09 29,7 16,9 22,8 1,1 130,2 33,6 04 10,9 22 17 0 0 0
2019 10 25,4 13,3 18,2 23,1 20,3 31,8 01 9,9 26 1 0 0 0
2019 11 20,3 11,5 15,4 88,3 0,0 26,1 05 8,3 26 0 0 0 0
2019 12 12,6 5,9 8,9 284,2 0,0 18,9 22 0,9 30 0 0 0 0
------------------------------------------------------------------------------------------------
24,3 12,2 17,8 1011,4 848,1 39,8 ΞΞΏΟ
λ -1,8 ΦΡβ 89 0 5 0
PRECIPITATION (mm)
MAX ---DAYS OF RAIN---
OBS. OVER
YR MO TOTAL DAY DATE 0.30 3.00 30.00
------------------------------------------------
2019 01
2019 02 3,3 1,8 23 3 0 0
2019 03 14,7 14,0 12 1 1 0
2019 04 48,3 19,8 15 8 5 0
2019 05 86,6 66,5 14 6 4 1
2019 06 20,3 7,1 09 6 3 0
2019 07 108,2 94,5 16 2 2 1
2019 08 1,3 0,8 15 1 0 0
2019 09 33,3 30,7 24 3 1 1
2019 10 40,4 14,7 31 5 4 0
2019 11 73,4 23,1 18 13 6 0
2019 12 70,1 22,4 04 7 6 0
------------------------------------------------
499,9 94,5 ΞΞΏΟ
Ξ» 55 32 3
WIND SPEED (km/h)
DOM
YR MO AVG HI DATE DIR
-----------------------------------
2019 01
2019 02 6,1 67,3 26 290
2019 03 5,6 38,5 12 214
2019 04 5,6 48,4 27 190
2019 05 6,5 73,7 07 216
2019 06 5,8 47,5 09 232
2019 07 6,4 46,0 09 222
2019 08 6,9 42,3 18 217
2019 09 6,0 47,5 24 202
2019 10 4,7 46,0 05 216
2019 11 5,0 72,3 20 148
2019 12 6,5 77,7 11 297
-----------------------------------
5,9 77,7 ΞΡκ 216