NOAA-Style Climate Reports
2024: Jan | Feb | Mar | Apr | May | Jun | Jul | Aug | Sep | Oct | Nov | Dec
2023: Jan | Feb | Mar | Apr | May | Jun | Jul | Aug | Sep | Oct | Nov | Dec
2022: Jan | Feb | Mar | Apr | May | Jun | Jul | Aug | Sep | Oct | Nov | Dec
2021: Jan | Feb | Mar | Apr | May | Jun | Jul | Aug | Sep | Oct | Nov | Dec
2020: Jan | Feb | Mar | Apr | May | Jun | Jul | Aug | Sep | Oct | Nov | Dec
2019: Jan | Feb | Mar | Apr | May | Jun | Jul | Aug | Sep | Oct | Nov | Dec
Report for 2023
CLIMATOLOGICAL SUMMARY for year 2023
NAME: Tagarades Thermi
ELEV: 60 meters LAT: 40-29.38 N LONG: 023-01.45 E
TEMPERATURE (Β°C)
HEAT COOL MAX MAX MIN MIN
MEAN MEAN DEG DEG >= <= <= <=
YR MO MAX MIN MEAN DAYS DAYS HI DAY LOW DAY 30 0 0 -20
------------------------------------------------------------------------------------------------
2023 01 13,6 5,0 8,9 291,3 0,0 19,4 18 -0,4 29 0 0 1 0
2023 02 13,8 1,9 7,4 305,0 0,0 21,9 19 -5,4 08 0 0 10 0
2023 03 17,5 5,7 11,0 225,8 0,0 23,9 26 1,2 19 0 0 0 0
2023 04 20,2 7,8 13,4 148,6 0,0 25,9 25 5,0 13 0 0 0 0
2023 05 24,1 12,3 17,3 43,3 12,9 29,0 23 8,9 01 0 0 0 0
2023 06 30,4 16,7 23,0 0,0 138,7 34,9 22 12,8 02 15 0 0 0
2023 07 36,0 20,7 28,4 0,0 311,1 41,9 23 15,9 28 30 0 0 0
2023 08 34,4 20,2 27,0 0,0 269,2 38,5 21 16,7 11 30 0 0 0
2023 09 29,6 17,5 22,9 0,0 137,9 33,6 23 13,9 10 13 0 0 0
2023 10 25,9 13,9 19,2 12,3 39,6 30,6 01 10,8 12 2 0 0 0
2023 11 19,4 8,9 13,8 142,2 5,0 28,1 06 0,5 27 0 0 0 0
2023 12 14,6 4,5 8,9 293,3 0,0 23,0 03 -1,8 18 0 0 2 0
------------------------------------------------------------------------------------------------
23,4 11,3 16,7 1461,8 914,4 41,9 ΞΞΏΟ
λ -5,4 ΦΡβ 90 0 13 0
PRECIPITATION (mm)
MAX ---DAYS OF RAIN---
OBS. OVER
YR MO TOTAL DAY DATE 0.30 3.00 30.00
------------------------------------------------
2023 01 45,6 17,2 24 5 4 0
2023 02 18,0 17,6 28 2 1 0
2023 03 55,6 16,4 27 11 6 0
2023 04 68,0 42,8 03 8 4 1
2023 05 84,4 20,0 31 16 8 0
2023 06 100,0 44,0 17 9 3 2
2023 07 0,8 0,4 05 2 0 0
2023 08 14,0 10,0 10 2 2 0
2023 09 14,0 9,2 04 4 1 0
2023 10 13,2 9,2 26 4 1 0
2023 11 34,4 9,6 25 9 5 0
2023 12 39,2 17,6 06 6 4 0
------------------------------------------------
487,2 44,0 ΞΞΏΟ
Ξ½ 78 39 3
WIND SPEED (km/h)
DOM
YR MO AVG HI DATE DIR
-----------------------------------
2023 01 7,3 61,9 19 171
2023 02 7,2 84,2 26 266
2023 03 6,5 77,8 28 240
2023 04 6,6 43,6 03 252
2023 05 4,8 33,8 23 209
2023 06 5,9 44,6 24 218
2023 07 7,2 63,4 27 235
2023 08 6,5 58,0 24 219
2023 09 6,2 58,0 06 187
2023 10 5,3 36,4 16 207
2023 11 6,1 63,4 26 266
2023 12 5,0 35,6 07 234
-----------------------------------
6,2 84,2 ΦΡβ 223