NOAA-Style Climate Reports
2024: Jan | Feb | Mar | Apr | May | Jun | Jul | Aug | Sep | Oct | Nov | Dec
2023: Jan | Feb | Mar | Apr | May | Jun | Jul | Aug | Sep | Oct | Nov | Dec
2022: Jan | Feb | Mar | Apr | May | Jun | Jul | Aug | Sep | Oct | Nov | Dec
2021: Jan | Feb | Mar | Apr | May | Jun | Jul | Aug | Sep | Oct | Nov | Dec
2020: Jan | Feb | Mar | Apr | May | Jun | Jul | Aug | Sep | Oct | Nov | Dec
2019: Jan | Feb | Mar | Apr | May | Jun | Jul | Aug | Sep | Oct | Nov | Dec
Report for 2022
CLIMATOLOGICAL SUMMARY for year 2022
NAME: Tagarades Thermi
ELEV: 60 meters LAT: 40-29.38 N LONG: 023-01.45 E
TEMPERATURE (Β°C)
HEAT COOL MAX MAX MIN MIN
MEAN MEAN DEG DEG >= <= <= <=
YR MO MAX MIN MEAN DAYS DAYS HI DAY LOW DAY 30 0 0 -20
------------------------------------------------------------------------------------------------
2022 01 10,4 0,8 5,3 405,0 0,0 17,8 02 -8,1 26 0 0 14 0
2022 02 13,7 3,5 8,0 287,8 0,0 19,1 21 -1,1 05 0 0 2 0
2022 03 13,4 1,8 7,1 347,0 0,0 22,6 25 -4,4 11 0 0 10 0
2022 04 21,3 8,0 14,1 126,8 0,9 28,7 26 1,3 12 0 0 0 0
2022 05 27,9 12,4 20,0 27,6 77,7 36,5 26 7,8 19 11 0 0 0
2022 06 32,7 18,5 25,0 0,0 200,9 39,0 22 15,3 19 22 0 0 0
2022 07 34,0 19,9 26,6 0,0 266,2 37,8 16 16,0 13 30 0 0 0
2022 08 34,2 20,2 26,4 0,0 252,4 38,7 19 17,1 14 30 0 0 0
2022 09 28,0 15,4 21,3 10,8 99,7 33,7 11 7,6 24 9 0 0 0
2022 10 24,0 11,1 16,7 59,3 9,2 30,3 01 7,6 19 1 0 0 0
2022 11 19,2 9,3 14,0 133,3 3,5 26,5 02 2,3 26 0 0 0 0
2022 12 14,2 7,0 10,1 255,4 0,0 19,1 12 -0,9 21 0 0 1 0
------------------------------------------------------------------------------------------------
22,8 10,7 16,1 1653,1 910,4 39,0 ΞΞΏΟ
Ξ½ -8,1 ΞΞ±Ξ½ 103 0 27 0
PRECIPITATION (mm)
MAX ---DAYS OF RAIN---
OBS. OVER
YR MO TOTAL DAY DATE 0.30 3.00 30.00
------------------------------------------------
2022 01 32,5 13,6 10 5 4 0
2022 02 35,6 12,0 17 8 4 0
2022 03 46,0 15,6 08 8 5 0
2022 04 28,0 10,8 17 9 2 0
2022 05 11,2 3,6 04 6 2 0
2022 06 48,0 14,8 10 10 5 0
2022 07 47,6 26,8 08 3 2 0
2022 08 82,7 30,8 24 9 5 1
2022 09 50,0 26,0 02 5 2 0
2022 10 3,2 2,4 14 3 0 0
2022 11 26,0 12,0 20 9 2 0
2022 12 27,6 21,6 01 9 1 0
------------------------------------------------
438,5 30,8 ΞΟ
Ξ³ 84 34 1
WIND SPEED (km/h)
DOM
YR MO AVG HI DATE DIR
-----------------------------------
2022 01 6,4 48,6 11 306
2022 02 6,5 63,4 09 282
2022 03 6,0 43,6 22 243
2022 04 6,4 51,5 11 218
2022 05 6,6 59,4 18 206
2022 06 6,5 46,1 05 215
2022 07 7,0 38,5 07 242
2022 08 5,8 48,6 23 240
2022 09 6,1 39,6 18 205
2022 10 5,7 43,6 02 231
2022 11 6,0 46,1 06 170
2022 12 4,2 51,5 11 197
-----------------------------------
6,1 63,4 ΦΡβ 228