NOAA-Style Climate Reports
2024: Jan | Feb | Mar | Apr | May | Jun | Jul | Aug | Sep | Oct | Nov | Dec
2023: Jan | Feb | Mar | Apr | May | Jun | Jul | Aug | Sep | Oct | Nov | Dec
2022: Jan | Feb | Mar | Apr | May | Jun | Jul | Aug | Sep | Oct | Nov | Dec
2021: Jan | Feb | Mar | Apr | May | Jun | Jul | Aug | Sep | Oct | Nov | Dec
2020: Jan | Feb | Mar | Apr | May | Jun | Jul | Aug | Sep | Oct | Nov | Dec
2019: Jan | Feb | Mar | Apr | May | Jun | Jul | Aug | Sep | Oct | Nov | Dec
Report for 2020
CLIMATOLOGICAL SUMMARY for year 2020
NAME: Tagarades Thermi
ELEV: 60 meters LAT: 40-29.38 N LONG: 023-01.45 E
TEMPERATURE (Β°C)
HEAT COOL MAX MAX MIN MIN
MEAN MEAN DEG DEG >= <= <= <=
YR MO MAX MIN MEAN DAYS DAYS HI DAY LOW DAY 30 0 0 -20
------------------------------------------------------------------------------------------------
2020 01 11,5 1,0 5,7 392,3 0,0 20,4 29 -4,2 08 0 0 11 0
2020 02 14,9 3,6 8,7 271,0 0,0 20,9 24 -0,8 09 0 0 2 0
2020 03 16,2 5,8 10,6 240,3 0,0 24,1 13 0,7 17 0 0 0 0
2020 04 19,9 6,9 12,7 168,9 0,1 27,8 18 2,3 16 0 0 0 0
2020 05 26,9 12,4 19,0 21,4 43,4 38,0 16 7,6 05 6 0 0 0
2020 06 30,9 16,7 23,5 0,0 155,0 38,1 30 11,3 02 20 0 0 0
2020 07 33,3 19,9 26,4 0,0 242,2 39,3 31 16,3 15 27 0 0 0
2020 08 33,2 19,9 26,1 0,0 240,5 38,4 31 16,8 27 29 0 0 0
2020 09 30,5 17,7 23,9 0,0 166,6 35,6 03 12,1 27 20 0 0 0
2020 10 24,6 12,4 18,1 37,0 28,8 29,4 06 7,7 22 0 0 0 0
2020 11 17,3 6,8 11,4 206,8 0,0 22,7 01 1,0 26 0 0 0 0
2020 12 13,5 7,2 10,1 254,2 0,0 18,3 30 3,6 01 0 0 0 0
------------------------------------------------------------------------------------------------
22,7 10,9 15,9 1592,0 876,6 39,3 ΞΞΏΟ
Ξ» -4,2 ΞΞ±Ξ½ 102 0 13 0
PRECIPITATION (mm)
MAX ---DAYS OF RAIN---
OBS. OVER
YR MO TOTAL DAY DATE 0.30 3.00 30.00
------------------------------------------------
2020 01 0,8 0,3 12 0 0 0
2020 02 23,1 8,6 05 6 2 0
2020 03 113,5 18,8 08 15 10 0
2020 04 127,5 40,9 01 8 7 2
2020 05 104,4 102,4 21 3 1 1
2020 06 26,9 12,2 25 5 2 0
2020 07 13,7 5,6 06 3 2 0
2020 08 35,6 15,0 08 8 4 0
2020 09 15,7 12,2 26 2 2 0
2020 10 10,2 8,4 13 2 1 0
2020 11 16,8 5,8 30 5 3 0
2020 12 119,4 34,8 14 14 6 2
------------------------------------------------
607,6 102,4 ΞΞ±Ξ 71 40 5
WIND SPEED (km/h)
DOM
YR MO AVG HI DATE DIR
-----------------------------------
2020 01 5,6 51,3 07 263
2020 02 6,8 73,7 05 262
2020 03 6,6 84,2 04 209
2020 04 5,8 41,0 15 226
2020 05 6,7 56,5 03 253
2020 06 6,5 46,3 19 245
2020 07 7,1 59,4 08 234
2020 08 6,5 51,3 01 235
2020 09 6,6 53,9 30 210
2020 10 5,9 49,9 08 246
2020 11 4,3 36,2 01 230
2020 12 4,5 51,5 27 184
-----------------------------------
6,0 84,2 ΞΞ±Ο 232