NOAA-Style Climate Reports
2024: Jan | Feb | Mar | Apr | May | Jun | Jul | Aug | Sep | Oct | Nov | Dec
2023: Jan | Feb | Mar | Apr | May | Jun | Jul | Aug | Sep | Oct | Nov | Dec
2022: Jan | Feb | Mar | Apr | May | Jun | Jul | Aug | Sep | Oct | Nov | Dec
2021: Jan | Feb | Mar | Apr | May | Jun | Jul | Aug | Sep | Oct | Nov | Dec
2020: Jan | Feb | Mar | Apr | May | Jun | Jul | Aug | Sep | Oct | Nov | Dec
2019: Jan | Feb | Mar | Apr | May | Jun | Jul | Aug | Sep | Oct | Nov | Dec
Report for 2021
CLIMATOLOGICAL SUMMARY for year 2021
NAME: Tagarades Thermi
ELEV: 60 meters LAT: 40-29.38 N LONG: 023-01.45 E
TEMPERATURE (Β°C)
HEAT COOL MAX MAX MIN MIN
MEAN MEAN DEG DEG >= <= <= <=
YR MO MAX MIN MEAN DAYS DAYS HI DAY LOW DAY 30 0 0 -20
------------------------------------------------------------------------------------------------
2021 01 12,5 3,6 7,7 328,3 0,0 18,6 08 -6,4 18 0 0 9 0
2021 02 14,6 3,8 8,6 272,0 0,0 21,2 23 -5,1 17 0 1 6 0
2021 03 15,1 4,0 8,9 287,7 0,0 21,2 28 -2,7 25 0 0 2 0
2021 04 19,0 7,1 13,6 159,5 0,4 26,8 30 0,6 09 0 0 0 0
2021 05 27,2 12,8 19,8 8,5 54,1 33,2 24 8,9 10 6 0 0 0
2021 06 31,7 17,0 24,0 0,0 166,0 40,9 26 10,9 03 18 0 0 0
2021 07 34,9 21,2 27,8 0,0 295,2 40,7 31 18,0 25 31 0 0 0
2021 08 34,5 21,0 27,7 0,0 285,1 42,0 03 17,4 31 30 0 0 0
2021 09 28,5 15,8 21,5 4,2 99,6 34,2 20 8,8 24 13 0 0 0
2021 10 19,2 10,4 14,3 126,5 0,0 24,0 04 5,6 27 0 0 0 0
2021 11 16,8 8,6 12,5 173,6 0,0 23,2 06 1,6 30 0 0 0 0
2021 12 12,1 3,4 7,4 340,4 0,0 18,8 03 -4,1 23 0 0 6 0
------------------------------------------------------------------------------------------------
22,2 10,8 16,4 1700,8 900,4 42,0 ΞΟ
Ξ³ -6,4 ΞΞ±Ξ½ 98 1 23 0
PRECIPITATION (mm)
MAX ---DAYS OF RAIN---
OBS. OVER
YR MO TOTAL DAY DATE 0.30 3.00 30.00
------------------------------------------------
2021 01 94,8 37,2 04 13 8 1
2021 02 14,9 6,1 08 6 2 0
2021 03 28,8 11,2 20 7 3 0
2021 04 25,9 8,0 24 8 2 0
2021 05 13,2 8,8 31 7 1 0
2021 06 26,3 16,8 09 6 2 0
2021 07 7,6 5,6 23 3 1 0
2021 08 7,5 4,8 21 2 1 0
2021 09 29,0 7,6 28 8 4 0
2021 10 135,5 44,0 14 9 7 1
2021 11 22,8 8,4 23 6 3 0
2021 12 40,4 9,2 13 11 6 0
------------------------------------------------
446,6 44,0 ΞΞΊΟ 86 40 2
WIND SPEED (km/h)
DOM
YR MO AVG HI DATE DIR
-----------------------------------
2021 01 7,0 61,9 04 256
2021 02 6,3 56,5 11 239
2021 03 6,8 54,0 16 285
2021 04 5,8 56,5 03 209
2021 05 6,9 55,4 28 223
2021 06 6,7 65,9 01 235
2021 07 7,1 60,5 16 223
2021 08 6,8 55,4 07 208
2021 09 5,6 45,7 18 227
2021 10 5,3 36,4 08 237
2021 11 4,6 50,0 26 213
2021 12 6,6 47,5 11 298
-----------------------------------
6,3 65,9 ΞΞΏΟ
Ξ½ 235