NOAA-Style Climate Reports
2024: Jan | Feb | Mar | Apr | May | Jun | Jul | Aug | Sep | Oct | Nov | Dec
2023: Jan | Feb | Mar | Apr | May | Jun | Jul | Aug | Sep | Oct | Nov | Dec
2022: Jan | Feb | Mar | Apr | May | Jun | Jul | Aug | Sep | Oct | Nov | Dec
2021: Jan | Feb | Mar | Apr | May | Jun | Jul | Aug | Sep | Oct | Nov | Dec
2020: Jan | Feb | Mar | Apr | May | Jun | Jul | Aug | Sep | Oct | Nov | Dec
2019: Jan | Feb | Mar | Apr | May | Jun | Jul | Aug | Sep | Oct | Nov | Dec
Report for 2019 08
MONTHLY CLIMATOLOGICAL SUMMARY for ΞΟ
Ξ³ 2019
NAME: Tagarades Thermi
ELEV: 60 meters LAT: 40-29.38 N LONG: 023-01.45 E
TEMPERATURE (Β°C), RAIN (mm), WIND SPEED (km/h)
HEAT COOL AVG
MEAN DEG DEG WIND DOM
DAY TEMP HIGH TIME LOW TIME DAYS DAYS RAIN SPEED HIGH TIME DIR
---------------------------------------------------------------------------------------
01 30,1 39,0 17:09 22,9 06:34 0,0 11,7 0,0 5,7 23,7 17:49 244
02 28,9 33,8 13:14 22,4 07:04 0,0 10,5 0,0 7,8 39,6 17:49 176
03 28,8 36,5 15:04 21,9 04:49 0,0 10,5 0,0 6,2 28,3 16:14 198
04 28,0 33,4 16:34 22,8 06:59 0,0 9,7 0,0 10,2 36,2 14:54 313
05 26,3 34,2 17:19 20,5 04:59 0,0 8,0 0,3 6,6 31,5 18:39 225
06 25,7 33,8 16:39 18,6 06:24 0,0 7,4 0,0 6,8 28,3 18:19 212
07 26,6 33,6 15:59 18,9 06:44 0,0 8,2 0,0 6,9 25,1 18:19 192
08 27,2 34,7 14:59 19,9 06:44 0,0 8,9 0,0 7,0 27,7 17:24 199
09 28,9 37,8 18:24 21,4 06:14 0,0 10,5 0,0 5,4 20,1 12:49 247
10 29,9 37,0 16:24 22,0 06:24 0,0 11,5 0,0 6,8 23,7 13:59 202
11 29,8 35,9 15:54 23,1 07:09 0,0 11,4 0,0 6,3 21,1 13:59 209
12 29,2 36,4 16:09 22,2 06:44 0,0 10,9 0,0 5,9 21,1 16:49 235
13 29,3 36,0 13:59 21,0 06:14 0,0 11,0 0,0 6,7 23,7 14:29 209
14 27,7 33,5 15:29 21,0 06:59 0,0 9,3 0,0 7,4 30,6 16:39 186
15 26,9 32,1 14:24 21,6 04:29 0,0 8,6 0,8 8,6 29,1 14:44 300
16 26,3 32,6 16:29 21,8 06:29 0,0 7,9 0,0 7,3 25,9 03:54 279
17 25,8 32,6 16:59 21,3 07:04 0,0 7,5 0,0 7,5 25,1 18:04 269
18 24,9 32,1 15:49 18,3 05:39 0,0 6,6 0,3 6,2 42,3 19:14 199
19 25,3 32,0 16:39 18,3 06:39 0,0 7,0 0,0 6,7 25,9 18:39 186
20 25,4 32,0 16:19 18,7 06:34 0,0 7,0 0,0 7,5 27,7 19:19 199
21 26,6 34,7 15:19 18,1 07:04 0,0 8,2 0,0 6,0 25,9 15:34 222
22 28,2 36,6 15:39 20,4 06:14 0,0 9,8 0,0 6,4 30,6 15:49 227
23 29,1 36,0 14:59 23,2 07:14 0,0 10,8 0,0 6,6 23,7 15:14 222
24 29,6 36,5 12:39 24,2 07:14 0,0 11,3 0,0 5,6 29,5 11:04 204
25 28,6 35,0 14:04 21,6 07:04 0,0 10,3 0,0 6,5 26,6 15:14 217
26 28,6 37,5 12:59 20,8 07:09 0,0 10,2 0,0 7,3 31,5 14:09 207
27 28,2 35,7 13:19 21,7 06:54 0,0 9,9 0,0 7,0 27,7 13:24 199
28 27,2 33,4 10:59 20,2 06:44 0,0 8,9 0,0 6,9 26,6 13:34 204
29 26,2 34,2 14:34 18,7 06:29 0,0 7,8 0,0 7,2 29,1 18:14 193
30 25,9 33,3 14:09 18,6 06:54 0,0 7,6 0,0 7,2 27,7 13:54 213
31 26,2 34,2 14:54 20,2 07:14 0,0 7,8 0,0 7,4 37,0 15:54 187
---------------------------------------------------------------------------------------
27,6 39,0 01 18,1 21 0,0 287,0 1,3 6,9 42,3 18 217