NOAA-Style Climate Reports
2024: Jan | Feb | Mar | Apr | May | Jun | Jul | Aug | Sep | Oct | Nov | Dec
2023: Jan | Feb | Mar | Apr | May | Jun | Jul | Aug | Sep | Oct | Nov | Dec
2022: Jan | Feb | Mar | Apr | May | Jun | Jul | Aug | Sep | Oct | Nov | Dec
2021: Jan | Feb | Mar | Apr | May | Jun | Jul | Aug | Sep | Oct | Nov | Dec
2020: Jan | Feb | Mar | Apr | May | Jun | Jul | Aug | Sep | Oct | Nov | Dec
2019: Jan | Feb | Mar | Apr | May | Jun | Jul | Aug | Sep | Oct | Nov | Dec
Report for 2019 09
MONTHLY CLIMATOLOGICAL SUMMARY for Ξ£Ξ΅Ο 2019
NAME: Tagarades Thermi
ELEV: 60 meters LAT: 40-29.38 N LONG: 023-01.45 E
TEMPERATURE (Β°C), RAIN (mm), WIND SPEED (km/h)
HEAT COOL AVG
MEAN DEG DEG WIND DOM
DAY TEMP HIGH TIME LOW TIME DAYS DAYS RAIN SPEED HIGH TIME DIR
---------------------------------------------------------------------------------------
01 24,9 32,2 15:39 17,8 06:14 0,0 6,5 0,0 6,8 25,9 16:14 201
02 25,2 32,7 15:59 17,5 07:14 0,0 6,8 0,0 7,1 25,9 17:14 198
03 25,3 33,2 15:44 17,9 06:59 0,0 6,9 0,0 7,2 27,7 18:24 196
04 25,6 33,6 14:59 18,1 07:14 0,0 7,3 0,0 6,6 24,5 15:29 226
05 26,3 31,5 16:24 21,6 23:59 0,0 8,0 0,0 5,5 20,4 15:14 195
06 24,5 30,5 13:39 20,0 03:04 0,0 6,2 1,0 6,4 30,6 19:09 187
07 24,5 30,2 14:24 20,3 01:29 0,0 6,2 0,0 5,8 23,7 17:39 191
08 24,0 30,4 13:29 18,9 03:24 0,0 5,6 0,0 6,5 25,9 15:09 192
09 23,8 30,1 14:44 18,8 02:29 0,0 5,4 0,0 6,4 27,7 14:44 184
10 23,6 29,9 16:04 17,2 06:49 0,0 5,3 0,0 6,0 35,6 19:19 185
11 24,7 31,0 16:59 19,0 05:09 0,0 6,4 0,0 5,7 25,9 18:34 203
12 24,4 31,7 16:09 18,2 06:34 0,0 6,0 0,3 5,6 33,8 13:14 224
13 24,4 32,6 17:49 18,0 06:04 0,0 6,1 0,0 7,0 38,5 14:04 25
14 24,2 32,2 16:49 16,6 05:14 0,0 5,9 0,0 7,4 37,7 15:34 259
15 24,0 31,2 14:44 16,9 06:39 0,0 5,6 0,0 6,8 27,7 15:14 204
16 23,1 30,4 15:09 16,9 07:19 0,0 4,8 0,0 6,2 24,5 15:49 203
17 23,7 33,2 14:34 16,3 07:34 0,0 5,4 0,0 5,8 32,3 17:39 197
18 24,4 32,7 15:49 17,3 06:39 0,0 6,1 0,0 5,9 21,9 18:24 219
19 22,9 28,5 16:09 18,6 07:24 0,0 4,6 0,0 6,2 33,8 17:44 200
20 17,6 22,5 16:29 12,8 07:59 0,7 0,0 1,0 7,6 30,6 08:59 312
21 18,2 24,3 15:14 13,5 22:54 0,1 0,0 0,0 4,7 29,8 17:09 170
22 18,0 25,6 15:29 10,9 06:24 0,3 0,0 0,0 5,7 33,0 12:39 190
23 19,7 26,3 14:04 13,6 07:24 0,0 1,3 0,0 5,6 25,9 15:44 180
24 18,8 24,9 15:34 15,9 07:04 0,0 0,4 30,7 4,1 47,5 19:49 209
25 19,7 26,2 14:59 15,3 02:49 0,0 1,3 0,3 3,9 22,2 18:39 167
26 21,4 28,1 14:29 16,2 06:04 0,0 3,0 0,0 5,2 22,2 18:24 185
27 21,9 28,4 17:39 17,1 23:39 0,0 3,6 0,0 5,0 23,7 15:34 246
28 20,9 28,7 14:24 14,3 06:29 0,0 2,6 0,0 5,7 24,0 17:39 200
29 21,3 29,4 14:39 14,9 06:09 0,0 3,0 0,0 5,6 25,9 14:59 202
30
---------------------------------------------------------------------------------------
22,8 33,6 04 10,9 22 1,1 130,2 33,3 6,0 47,5 24 202