NOAA-Style Climate Reports
2024: Jan | Feb | Mar | Apr | May | Jun | Jul | Aug | Sep | Oct | Nov | Dec
2023: Jan | Feb | Mar | Apr | May | Jun | Jul | Aug | Sep | Oct | Nov | Dec
2022: Jan | Feb | Mar | Apr | May | Jun | Jul | Aug | Sep | Oct | Nov | Dec
2021: Jan | Feb | Mar | Apr | May | Jun | Jul | Aug | Sep | Oct | Nov | Dec
2020: Jan | Feb | Mar | Apr | May | Jun | Jul | Aug | Sep | Oct | Nov | Dec
2019: Jan | Feb | Mar | Apr | May | Jun | Jul | Aug | Sep | Oct | Nov | Dec
Report for 2020 05
MONTHLY CLIMATOLOGICAL SUMMARY for ΞΞ±Ξ 2020
NAME: Tagarades Thermi
ELEV: 60 meters LAT: 40-29.38 N LONG: 023-01.45 E
TEMPERATURE (Β°C), RAIN (mm), WIND SPEED (km/h)
HEAT COOL AVG
MEAN DEG DEG WIND DOM
DAY TEMP HIGH TIME LOW TIME DAYS DAYS RAIN SPEED HIGH TIME DIR
---------------------------------------------------------------------------------------
01 18,1 26,2 13:04 10,5 06:59 0,3 0,0 0,0 6,1 19,0 18:14 201
02 16,6 26,3 14:39 11,1 06:39 1,7 0,0 0,3 3,5 15,0 14:34 215
03 17,5 22,4 16:59 11,8 04:19 0,8 0,0 0,0 12,3 56,5 10:04 335
04 16,9 21,8 15:09 12,3 07:14 1,5 0,0 0,0 12,0 41,7 17:24 324
05 17,2 26,3 17:04 7,6 06:24 1,2 0,0 0,0 5,9 22,2 18:49 250
06 16,4 26,1 14:54 9,4 05:39 1,9 0,0 0,0 7,1 42,3 23:24 307
07 15,5 21,6 16:29 9,1 06:44 2,8 0,0 0,0 11,6 51,3 15:34 330
08 17,8 25,8 17:19 7,9 06:59 0,5 0,0 0,0 7,2 29,8 02:09 278
09 17,3 24,1 14:49 8,6 06:44 1,1 0,0 0,0 7,5 26,6 16:14 185
10 17,7 25,6 13:54 10,0 06:34 0,7 0,0 0,0 6,1 28,3 17:04 198
11 19,2 27,9 14:04 11,3 06:14 0,0 0,9 0,0 6,5 49,9 17:44 197
12 21,3 33,1 16:29 12,1 06:29 0,0 3,0 0,0 6,1 26,6 20:14 221
13 21,3 29,3 15:04 13,7 02:59 0,0 3,0 0,0 8,0 28,3 17:34 193
14 21,3 29,1 16:44 14,4 06:14 0,0 2,9 0,0 5,5 27,4 13:34 204
15 22,0 31,4 15:19 15,4 05:09 0,0 3,7 0,0 4,1 15,8 14:19 255
16 25,2 38,0 15:04 16,4 06:34 0,0 6,9 0,0 6,2 23,7 19:34 208
17 24,4 33,4 17:04 17,8 05:44 0,0 6,1 0,0 4,7 14,3 12:29 234
18 24,8 34,7 14:44 17,3 06:19 0,0 6,5 0,0 5,8 25,9 18:14 213
19 23,3 30,4 13:34 17,3 06:34 0,0 5,0 0,0 5,7 23,7 17:54 206
20 21,7 28,7 16:29 16,0 05:34 0,0 3,3 0,0 5,8 36,2 13:04 208
21 17,6 26,5 10:34 13,9 22:09 0,7 0,0 102,4 5,7 42,0 12:49 284
22 16,9 22,8 13:49 12,6 23:59 1,5 0,0 0,8 5,9 27,7 15:44 180
23 17,7 25,5 17:34 9,4 06:29 0,6 0,0 0,0 6,7 29,8 11:39 293
24 19,1 25,3 13:39 11,2 05:39 0,0 0,8 0,0 6,7 35,6 15:19 174
25 18,7 26,0 15:19 13,4 23:34 0,0 0,3 0,0 8,0 29,8 17:44 312
26 15,8 22,1 10:19 11,5 04:24 2,6 0,0 1,0 5,2 32,3 16:24 249
27 15,6 21,8 13:44 12,9 00:04 2,7 0,0 0,0 6,0 24,8 14:49 286
28 17,4 23,5 18:24 11,5 03:44 0,9 0,0 0,0 6,9 33,0 15:09 324
29 18,8 25,0 15:44 13,8 23:54 0,0 0,5 0,0 6,9 25,9 15:44 303
30 18,5 26,1 14:29 10,9 06:09 0,0 0,2 0,0 6,8 29,1 16:34 221
31 18,8 26,4 15:34 12,3 06:29 0,0 0,4 0,0 5,3 23,7 17:49 225
---------------------------------------------------------------------------------------
19,0 38,0 16 7,6 05 21,4 43,4 104,4 6,7 56,5 03 253