NOAA-Style Climate Reports
2024: Jan | Feb | Mar | Apr | May | Jun | Jul | Aug | Sep | Oct | Nov | Dec
2023: Jan | Feb | Mar | Apr | May | Jun | Jul | Aug | Sep | Oct | Nov | Dec
2022: Jan | Feb | Mar | Apr | May | Jun | Jul | Aug | Sep | Oct | Nov | Dec
2021: Jan | Feb | Mar | Apr | May | Jun | Jul | Aug | Sep | Oct | Nov | Dec
2020: Jan | Feb | Mar | Apr | May | Jun | Jul | Aug | Sep | Oct | Nov | Dec
2019: Jan | Feb | Mar | Apr | May | Jun | Jul | Aug | Sep | Oct | Nov | Dec
Report for 2021 05
MONTHLY CLIMATOLOGICAL SUMMARY for ΞΞ±Ξ 2021
NAME: Tagarades Thermi
ELEV: 60 meters LAT: 40-29.38 N LONG: 023-01.45 E
TEMPERATURE (Β°C), RAIN (mm), WIND SPEED (km/h)
HEAT COOL AVG
MEAN DEG DEG WIND DOM
DAY TEMP HIGH TIME LOW TIME DAYS DAYS RAIN SPEED HIGH TIME DIR
---------------------------------------------------------------------------------------
01 18,5 26,7 17:17 13,3 04:02 0,0 0,2 0,0 4,6 25,2 13:42 222
02 20,9 31,3 15:20 13,4 05:40 0,0 2,6 0,0 4,5 23,4 18:00 218
03 22,8 30,0 17:45 14,9 07:25 0,0 4,5 0,0 5,7 24,5 14:35 273
04 19,4 24,3 13:47 12,7 23:40 0,0 1,0 0,0 7,1 29,2 14:17 197
05 18,8 26,6 14:25 11,8 01:02 0,0 0,5 0,4 5,9 29,2 15:32 186
06 18,7 29,4 14:40 12,1 06:52 0,0 0,4 0,0 6,8 33,1 13:07 258
07 19,4 26,0 16:20 12,9 06:42 0,0 1,0 0,0 4,3 15,8 12:05 221
08 20,3 27,3 16:37 13,7 06:37 0,0 1,9 0,0 7,5 47,5 12:07 281
09 16,4 20,9 14:15 10,9 23:15 2,0 0,0 0,4 6,3 26,6 17:45 176
10 15,9 22,8 12:50 8,9 06:30 2,4 0,0 0,0 7,0 24,5 17:20 201
11 16,7 22,8 15:42 10,0 05:25 1,6 0,0 0,0 7,8 30,6 14:07 195
12 17,4 24,1 12:30 9,9 06:07 0,9 0,0 0,0 6,7 25,2 14:07 188
13 19,2 27,9 15:25 10,4 05:30 0,0 0,9 0,0 6,1 26,6 18:27 201
14 19,7 27,3 15:17 10,5 04:27 0,0 1,4 0,0 6,8 33,1 18:00 202
15 16,7 22,1 17:42 12,9 04:17 1,6 0,0 0,8 4,6 21,2 15:05 203
16 18,5 26,9 17:05 10,4 06:02 0,0 0,2 0,0 5,8 20,2 17:07 235
17 20,8 28,2 16:37 12,5 05:05 0,0 2,5 0,0 5,8 24,5 15:27 171
18 21,6 29,0 16:45 14,2 06:05 0,0 3,3 0,0 7,5 31,7 16:42 281
19 20,7 28,2 16:25 12,2 06:00 0,0 2,3 0,0 8,2 41,0 13:02 176
20 20,2 27,5 16:37 13,5 06:25 0,0 1,8 0,0 7,6 38,5 20:52 294
21 18,5 24,2 16:35 13,3 04:22 0,0 0,2 0,0 12,2 42,5 13:27 330
22 19,1 26,7 14:25 11,3 03:30 0,0 0,8 0,0 7,5 36,4 19:32 189
23 19,8 27,7 16:17 11,4 05:22 0,0 1,5 0,0 7,8 39,6 15:50 199
24 22,6 33,2 14:47 13,7 04:52 0,0 4,3 0,0 7,0 38,5 16:20 197
25 22,8 31,1 13:02 16,3 03:12 0,0 4,5 0,0 6,6 33,1 14:27 208
26 22,6 30,9 13:20 15,4 05:47 0,0 4,3 0,0 6,9 28,4 18:37 201
27 22,7 30,1 13:57 15,4 05:15 0,0 4,4 1,6 7,3 33,1 11:55 202
28 22,0 28,8 16:02 14,9 05:52 0,0 3,7 0,4 7,9 55,4 16:00 330
29 21,4 29,8 16:50 14,6 06:42 0,0 3,1 0,0 9,3 38,5 15:02 297
30 20,6 26,3 13:45 16,1 03:07 0,0 2,3 0,8 5,5 23,8 14:40 204
31 18,9 25,3 17:57 13,1 06:05 0,0 0,6 8,8 8,6 31,7 12:22 324
---------------------------------------------------------------------------------------
19,8 33,2 24 8,9 10 8,5 54,1 13,2 6,9 55,4 28 223