NOAA-Style Climate Reports
2024: Jan | Feb | Mar | Apr | May | Jun | Jul | Aug | Sep | Oct | Nov | Dec
2023: Jan | Feb | Mar | Apr | May | Jun | Jul | Aug | Sep | Oct | Nov | Dec
2022: Jan | Feb | Mar | Apr | May | Jun | Jul | Aug | Sep | Oct | Nov | Dec
2021: Jan | Feb | Mar | Apr | May | Jun | Jul | Aug | Sep | Oct | Nov | Dec
2020: Jan | Feb | Mar | Apr | May | Jun | Jul | Aug | Sep | Oct | Nov | Dec
2019: Jan | Feb | Mar | Apr | May | Jun | Jul | Aug | Sep | Oct | Nov | Dec
Report for 2021 07
MONTHLY CLIMATOLOGICAL SUMMARY for ΞΞΏΟ
Ξ» 2021
NAME: Tagarades Thermi
ELEV: 60 meters LAT: 40-29.38 N LONG: 023-01.45 E
TEMPERATURE (Β°C), RAIN (mm), WIND SPEED (km/h)
HEAT COOL AVG
MEAN DEG DEG WIND DOM
DAY TEMP HIGH TIME LOW TIME DAYS DAYS RAIN SPEED HIGH TIME DIR
---------------------------------------------------------------------------------------
01 28,8 37,2 16:10 21,4 05:52 0,0 10,4 0,0 7,1 29,9 19:55 218
02 29,5 35,7 15:57 21,3 22:52 0,0 11,2 1,2 8,8 44,6 12:52 308
03 26,3 31,7 17:12 19,9 04:35 0,0 8,0 0,0 9,2 44,3 18:47 339
04 27,0 33,8 18:05 18,4 06:20 0,0 8,6 0,0 6,5 38,5 15:57 290
05 26,4 34,2 12:47 20,1 03:45 0,0 8,1 0,0 6,4 34,6 17:27 205
06 28,2 36,2 17:07 19,7 06:00 0,0 9,9 0,0 7,6 33,8 19:22 266
07 28,5 37,3 15:45 20,6 06:32 0,0 10,2 0,0 7,3 42,1 16:45 208
08 28,6 34,6 15:22 22,1 05:52 0,0 10,3 0,0 7,5 30,6 17:30 194
09 28,1 33,2 12:35 23,3 00:00 0,0 9,8 0,0 6,2 28,4 17:10 176
10 27,5 33,4 15:00 22,1 02:30 0,0 9,2 0,0 6,2 31,7 11:55 181
11 27,9 33,6 13:02 22,2 00:00 0,0 9,6 0,0 5,3 31,7 13:07 193
12 27,5 35,1 15:02 20,3 04:52 0,0 9,2 0,0 7,1 29,9 14:37 214
13 28,4 36,0 15:00 21,0 06:30 0,0 10,1 0,0 7,2 29,2 16:57 196
14 29,0 36,1 12:22 21,3 05:55 0,0 10,7 0,0 8,4 54,0 16:25 184
15 28,9 34,7 14:12 22,6 04:27 0,0 10,6 0,0 7,5 37,8 16:45 192
16 28,5 35,4 13:02 21,6 05:55 0,0 10,1 0,0 8,5 60,5 17:27 195
17 28,2 35,2 14:05 21,1 05:47 0,0 9,9 0,0 7,1 34,6 14:05 207
18 26,6 32,1 14:52 21,9 03:07 0,0 8,2 0,0 5,3 23,8 15:37 237
19 25,7 31,8 14:00 20,2 06:52 0,0 7,4 0,0 5,0 27,7 17:45 222
20 28,4 35,2 16:37 23,0 03:15 0,0 10,1 0,0 6,3 36,4 15:20 263
21 29,1 34,5 16:27 24,3 06:07 0,0 10,8 0,0 12,0 43,6 17:00 326
22 26,1 31,5 16:42 21,6 06:32 0,0 7,8 0,0 8,8 33,1 00:07 264
23 25,5 31,6 15:40 19,9 04:50 0,0 7,1 5,6 5,9 20,5 17:45 214
24 24,9 31,3 13:00 20,2 06:52 0,0 6,6 0,8 4,3 23,8 16:45 210
25 25,3 32,8 15:22 18,0 06:25 0,0 7,0 0,0 7,3 25,2 20:40 206
26 26,8 33,4 16:30 19,6 05:57 0,0 8,5 0,0 6,4 37,8 13:02 198
27 27,6 36,0 14:50 21,0 04:52 0,0 9,2 0,0 7,0 36,4 14:00 218
28 29,3 37,4 15:30 22,0 06:27 0,0 11,0 0,0 6,6 30,6 13:37 222
29 29,3 39,0 15:17 21,6 06:32 0,0 11,0 0,0 6,4 23,8 19:12 202
30 30,8 40,0 14:07 22,4 06:30 0,0 12,5 0,0 7,0 25,9 16:52 207
31 30,7 40,7 16:07 22,3 06:22 0,0 12,3 0,0 7,0 24,1 18:52 223
---------------------------------------------------------------------------------------
27,8 40,7 31 18,0 25 0,0 295,2 7,6 7,1 60,5 16 223