NOAA-Style Climate Reports
2024: Jan | Feb | Mar | Apr | May | Jun | Jul | Aug | Sep | Oct | Nov | Dec
2023: Jan | Feb | Mar | Apr | May | Jun | Jul | Aug | Sep | Oct | Nov | Dec
2022: Jan | Feb | Mar | Apr | May | Jun | Jul | Aug | Sep | Oct | Nov | Dec
2021: Jan | Feb | Mar | Apr | May | Jun | Jul | Aug | Sep | Oct | Nov | Dec
2020: Jan | Feb | Mar | Apr | May | Jun | Jul | Aug | Sep | Oct | Nov | Dec
2019: Jan | Feb | Mar | Apr | May | Jun | Jul | Aug | Sep | Oct | Nov | Dec
Report for 2022 01
MONTHLY CLIMATOLOGICAL SUMMARY for ΞΞ±Ξ½ 2022
NAME: Tagarades Thermi
ELEV: 60 meters LAT: 40-29.38 N LONG: 023-01.45 E
TEMPERATURE (Β°C), RAIN (mm), WIND SPEED (km/h)
HEAT COOL AVG
MEAN DEG DEG WIND DOM
DAY TEMP HIGH TIME LOW TIME DAYS DAYS RAIN SPEED HIGH TIME DIR
---------------------------------------------------------------------------------------
01 11,0 17,2 16:45 4,6 04:32 7,3 0,0 0,0 6,1 27,7 20:52 274
02 11,7 17,8 15:07 7,0 07:27 6,6 0,0 0,0 5,0 17,3 04:05 247
03 8,5 15,7 15:02 4,4 07:57 9,8 0,0 0,0 5,3 14,4 07:15 221
04 8,9 16,0 13:32 3,8 05:55 9,4 0,0 0,0 3,6 12,2 19:22 219
05 8,3 14,7 14:47 4,2 05:37 10,0 0,0 0,0 4,4 10,8 00:02 225
06 9,0 14,2 15:30 5,3 07:10 9,3 0,0 0,0 4,2 13,0 05:45 228
07 8,7 12,7 13:27 4,0 08:37 9,6 0,0 0,0 3,9 14,4 15:20 234
08 8,9 11,1 14:00 7,4 08:40 9,4 0,0 4,4 1,5 14,4 14:35 287
09 8,7 10,5 14:20 6,2 06:42 9,6 0,0 9,3 1,3 9,7 06:10 171
10 9,6 11,5 13:22 7,9 07:05 8,8 0,0 13,6 6,7 36,4 19:57 93
11 8,5 11,3 04:22 4,5 23:55 9,9 0,0 3,6 12,1 48,6 04:40 68
12 3,6 6,5 15:40 0,2 22:27 14,7 0,0 1,6 5,5 21,2 10:32 314
13 0,7 4,2 15:10 -2,4 08:17 17,7 0,0 0,0 6,1 19,1 12:32 296
14 2,5 8,9 14:15 -4,8 02:32 15,8 0,0 0,0 5,6 33,8 14:22 317
15 8,9 13,0 14:10 4,3 22:22 9,4 0,0 0,0 9,9 39,6 05:05 336
16 3,6 10,5 15:50 -1,3 06:05 14,7 0,0 0,0 3,9 11,5 04:07 220
17 4,6 10,9 16:25 -1,1 06:30 13,7 0,0 0,0 5,3 24,5 16:15 266
18 7,2 9,7 15:50 3,2 00:00 11,2 0,0 0,0 14,4 48,6 04:35 339
19 2,8 9,3 15:30 -1,7 23:00 15,5 0,0 0,0 5,5 25,9 01:12 290
20 1,9 10,7 16:10 -3,2 07:05 16,4 0,0 0,0 5,6 14,4 13:55 229
21 3,2 10,6 12:07 0,5 04:55 15,2 0,0 0,0 9,0 37,8 17:32 318
22 1,7 4,7 14:52 -2,3 07:57 16,6 0,0 0,0 11,8 44,6 02:05 343
23 1,2 4,8 14:12 -2,1 08:05 17,2 0,0 0,0 11,6 39,6 16:12 334
24 -0,4 3,7 14:22 -3,3 05:15 18,7 0,0 0,0 6,3 27,7 12:57 339
25 -1,2 3,6 14:37 -6,0 08:10 19,5 0,0 0,0 7,3 25,9 13:25 314
26 0,4 7,4 14:55 -8,1 07:47 17,9 0,0 0,0 7,1 34,6 16:57 310
27 1,8 8,0 14:50 -4,1 07:22 16,5 0,0 0,0 4,7 16,6 14:07 247
28 3,3 11,2 16:22 -3,2 06:27 15,0 0,0 0,0 5,5 15,1 23:57 243
29 5,6 7,8 11:35 0,2 23:55 12,7 0,0 0,0 6,1 25,9 02:47 327
30 2,9 11,2 14:47 -3,1 07:35 15,4 0,0 0,0 5,0 16,6 12:12 234
31 7,1 13,0 16:07 3,2 02:10 11,2 0,0 0,0 7,8 37,1 10:40 301
---------------------------------------------------------------------------------------
5,3 17,8 02 -8,1 26 405,0 0,0 32,5 6,4 48,6 11 306