NOAA-Style Climate Reports
2024: Jan | Feb | Mar | Apr | May | Jun | Jul | Aug | Sep | Oct | Nov | Dec
2023: Jan | Feb | Mar | Apr | May | Jun | Jul | Aug | Sep | Oct | Nov | Dec
2022: Jan | Feb | Mar | Apr | May | Jun | Jul | Aug | Sep | Oct | Nov | Dec
2021: Jan | Feb | Mar | Apr | May | Jun | Jul | Aug | Sep | Oct | Nov | Dec
2020: Jan | Feb | Mar | Apr | May | Jun | Jul | Aug | Sep | Oct | Nov | Dec
2019: Jan | Feb | Mar | Apr | May | Jun | Jul | Aug | Sep | Oct | Nov | Dec
Report for 2023 05
MONTHLY CLIMATOLOGICAL SUMMARY for ΞΞ±Ξ 2023
NAME: Tagarades Thermi
ELEV: 60 meters LAT: 40-29.38 N LONG: 023-01.45 E
TEMPERATURE (Β°C), RAIN (mm), WIND SPEED (km/h)
HEAT COOL AVG
MEAN DEG DEG WIND DOM
DAY TEMP HIGH TIME LOW TIME DAYS DAYS RAIN SPEED HIGH TIME DIR
---------------------------------------------------------------------------------------
01 15,5 22,4 12:34 8,9 06:23 2,8 0,0 0,0 6,1 23,8 13:23 196
02 15,4 23,2 15:44 9,7 03:52 2,9 0,0 0,0 5,7 26,6 17:16 215
03 14,3 18,8 18:30 11,1 07:00 4,0 0,0 9,6 4,1 19,1 09:25 249
04 15,0 20,9 13:05 11,5 03:17 3,4 0,0 4,0 2,5 17,3 14:34 286
05 16,6 24,1 17:51 10,7 03:36 1,7 0,0 0,4 4,8 15,8 15:48 247
06 18,8 25,9 14:33 11,6 06:35 0,0 0,5 0,0 6,0 22,3 15:03 223
07 18,5 25,2 11:54 13,2 23:20 0,0 0,2 0,0 6,9 25,9 13:56 185
08 17,6 25,3 13:19 10,6 06:00 0,8 0,0 2,8 7,5 26,6 15:06 189
09 14,3 16,0 11:49 12,9 21:58 4,0 0,0 13,2 2,1 14,4 12:04 196
10 13,6 18,4 13:09 10,5 23:57 4,7 0,0 4,0 2,6 14,4 16:22 181
11 13,4 17,7 12:33 9,1 02:10 4,9 0,0 0,4 3,5 18,4 12:38 205
12 14,6 19,3 16:43 11,4 06:31 3,7 0,0 0,0 4,1 24,5 18:29 165
13 15,6 20,9 12:45 11,0 06:48 2,7 0,0 0,0 5,2 23,8 16:04 177
14 15,9 21,5 14:38 12,4 06:11 2,5 0,0 2,0 3,8 15,1 12:46 176
15 16,5 22,4 14:05 11,7 06:15 1,9 0,0 0,0 3,7 19,1 14:22 255
16 16,5 23,2 11:13 11,8 03:18 1,8 0,0 0,0 4,7 28,4 16:51 219
17 18,9 26,9 16:21 12,1 05:40 0,0 0,5 0,0 5,2 25,9 15:14 210
18 17,8 24,4 13:53 11,7 06:32 0,5 0,0 0,0 6,4 28,4 19:40 284
19 19,3 27,3 16:37 13,9 04:00 0,0 0,9 0,0 4,9 25,2 17:38 284
20 19,5 27,2 13:03 12,0 06:11 0,0 1,1 0,0 7,1 29,9 16:28 205
21 17,3 20,5 14:28 14,9 00:37 1,0 0,0 0,0 3,2 14,4 18:59 260
22 18,8 24,6 16:26 14,4 03:46 0,0 0,5 0,8 4,5 23,8 23:56 271
23 19,2 29,0 14:16 12,5 06:32 0,0 0,9 2,8 5,5 33,8 17:19 148
24 20,3 28,9 13:36 12,3 06:10 0,0 2,0 0,4 6,6 25,2 16:31 194
25 19,6 28,9 13:55 13,0 05:33 0,0 1,3 1,2 5,3 27,7 14:13 202
26 18,7 27,3 13:04 14,5 02:18 0,0 0,4 0,0 3,4 25,2 16:34 191
27 19,9 28,8 16:07 14,1 06:30 0,0 1,6 0,0 4,1 15,8 12:26 243
28 18,6 26,0 13:38 14,5 02:05 0,0 0,3 6,8 4,0 32,4 16:09 196
29 18,9 27,7 16:35 13,8 04:20 0,0 0,6 12,4 4,6 28,4 17:15 201
30 19,8 26,6 13:26 15,2 02:00 0,0 1,5 3,6 5,5 29,9 14:29 192
31 19,0 26,6 12:15 14,7 05:25 0,0 0,7 20,0 3,6 18,0 13:30 207
---------------------------------------------------------------------------------------
17,3 29,0 23 8,9 01 43,3 12,9 84,4 4,8 33,8 23 209