NOAA-Style Climate Reports
2024: Jan | Feb | Mar | Apr | May | Jun | Jul | Aug | Sep | Oct | Nov | Dec
2023: Jan | Feb | Mar | Apr | May | Jun | Jul | Aug | Sep | Oct | Nov | Dec
2022: Jan | Feb | Mar | Apr | May | Jun | Jul | Aug | Sep | Oct | Nov | Dec
2021: Jan | Feb | Mar | Apr | May | Jun | Jul | Aug | Sep | Oct | Nov | Dec
2020: Jan | Feb | Mar | Apr | May | Jun | Jul | Aug | Sep | Oct | Nov | Dec
2019: Jan | Feb | Mar | Apr | May | Jun | Jul | Aug | Sep | Oct | Nov | Dec
Report for 2023 06
MONTHLY CLIMATOLOGICAL SUMMARY for ΞΞΏΟ
Ξ½ 2023
NAME: Tagarades Thermi
ELEV: 60 meters LAT: 40-29.38 N LONG: 023-01.45 E
TEMPERATURE (Β°C), RAIN (mm), WIND SPEED (km/h)
HEAT COOL AVG
MEAN DEG DEG WIND DOM
DAY TEMP HIGH TIME LOW TIME DAYS DAYS RAIN SPEED HIGH TIME DIR
---------------------------------------------------------------------------------------
01 20,6 28,6 14:30 13,6 06:05 0,0 2,3 0,0 5,7 19,1 14:42 215
02 21,3 29,9 14:42 12,8 05:38 0,0 3,0 0,0 6,9 24,5 15:21 198
03 21,2 30,6 14:55 15,1 03:58 0,0 2,8 0,0 5,9 24,8 18:01 199
04 20,8 27,5 12:28 15,9 04:43 0,0 2,5 0,0 5,3 23,8 14:34 180
05 21,1 29,4 14:46 14,5 04:08 0,0 2,8 0,0 5,7 23,8 17:02 193
06 21,4 28,3 11:31 14,7 06:05 0,0 3,0 0,0 6,8 23,8 14:10 203
07 21,3 28,9 15:21 14,0 05:51 0,0 3,0 0,0 6,3 21,2 16:03 220
08 21,6 29,7 14:12 14,9 04:48 0,0 3,3 0,0 6,8 26,6 16:42 205
09 23,0 30,6 13:45 14,8 06:07 0,0 4,6 0,0 7,1 25,2 15:48 194
10 23,2 30,3 14:05 16,9 06:30 0,0 4,9 32,4 6,2 28,4 21:10 199
11 20,7 29,5 15:17 17,5 23:51 0,0 2,3 2,4 2,3 19,1 16:44 117
12 21,4 28,4 16:55 16,6 02:10 0,0 3,1 1,6 4,2 14,4 10:40 233
13 20,3 26,4 17:55 16,0 01:44 0,0 2,0 16,8 4,5 22,3 10:08 217
14 22,0 28,6 13:50 15,9 04:00 0,0 3,7 0,0 6,5 25,9 15:14 194
15 22,3 29,8 14:00 16,5 02:35 0,0 3,9 0,8 5,0 27,7 16:30 186
16 21,9 27,3 13:15 17,6 05:20 0,0 3,6 0,4 2,8 14,4 12:58 291
17 19,2 23,9 16:45 16,5 07:45 0,0 0,9 44,0 6,0 23,4 17:19 294
18 21,1 28,1 17:45 16,2 05:40 0,0 2,8 1,2 5,5 18,0 01:52 310
19 25,0 31,6 16:10 17,8 05:19 0,0 6,6 0,0 7,3 23,8 12:55 274
20 24,7 34,0 16:54 15,9 05:57 0,0 6,4 0,0 6,0 23,8 18:12 232
21 25,2 32,3 14:09 17,8 05:20 0,0 6,9 0,0 6,3 34,6 19:04 197
22 26,6 34,9 14:00 18,3 05:35 0,0 8,3 0,0 5,9 23,8 15:48 215
23 26,4 32,9 12:23 19,8 04:17 0,0 8,1 0,0 7,2 27,7 15:54 193
24 26,3 34,3 13:20 19,6 05:35 0,0 8,0 0,0 6,6 44,6 19:39 227
25 25,5 34,3 15:05 17,7 02:10 0,0 7,2 0,0 6,0 33,1 16:10 224
26 26,3 33,6 16:10 20,8 02:52 0,0 7,9 0,0 6,9 24,5 08:50 290
27 25,8 33,5 14:27 18,6 05:37 0,0 7,5 0,0 6,4 31,7 18:38 201
28 26,2 34,9 13:44 18,4 06:07 0,0 7,8 0,0 6,1 26,6 19:28 203
29 22,5 30,0 18:14 19,1 12:10 0,0 4,1 0,4 6,6 23,8 10:01 273
30 23,9 30,9 13:02 17,5 06:12 0,0 5,6 0,0 5,7 25,9 16:41 185
---------------------------------------------------------------------------------------
23,0 34,9 22 12,8 02 0,0 138,7 100,0 5,9 44,6 24 218