NOAA-Style Climate Reports
2024: Jan | Feb | Mar | Apr | May | Jun | Jul | Aug | Sep | Oct | Nov | Dec
2023: Jan | Feb | Mar | Apr | May | Jun | Jul | Aug | Sep | Oct | Nov | Dec
2022: Jan | Feb | Mar | Apr | May | Jun | Jul | Aug | Sep | Oct | Nov | Dec
2021: Jan | Feb | Mar | Apr | May | Jun | Jul | Aug | Sep | Oct | Nov | Dec
2020: Jan | Feb | Mar | Apr | May | Jun | Jul | Aug | Sep | Oct | Nov | Dec
2019: Jan | Feb | Mar | Apr | May | Jun | Jul | Aug | Sep | Oct | Nov | Dec
Report for 2023 08
MONTHLY CLIMATOLOGICAL SUMMARY for ΞΟ
Ξ³ 2023
NAME: Tagarades Thermi
ELEV: 60 meters LAT: 40-29.38 N LONG: 023-01.45 E
TEMPERATURE (Β°C), RAIN (mm), WIND SPEED (km/h)
HEAT COOL AVG
MEAN DEG DEG WIND DOM
DAY TEMP HIGH TIME LOW TIME DAYS DAYS RAIN SPEED HIGH TIME DIR
---------------------------------------------------------------------------------------
01 26,8 33,2 13:26 20,4 06:26 0,0 8,5 0,0 7,0 28,4 17:04 187
02 28,0 34,6 16:30 21,0 05:16 0,0 9,6 0,0 7,1 30,6 14:33 186
03 28,4 36,5 14:15 20,9 05:53 0,0 10,1 0,0 7,2 25,2 15:51 200
04 29,0 37,5 14:11 21,2 06:15 0,0 10,7 0,0 6,5 29,2 15:32 213
05 26,8 36,0 13:04 21,4 05:38 0,0 8,4 0,0 8,3 27,7 14:38 179
06 27,9 33,5 16:42 21,4 05:13 0,0 9,5 0,0 6,8 33,1 22:44 285
07 27,4 35,1 17:15 17,9 05:58 0,0 9,1 0,0 7,0 29,2 01:03 252
08 26,2 31,1 16:20 19,8 02:12 0,0 7,9 0,0 9,7 32,4 14:34 303
09 24,8 31,2 16:33 19,9 02:43 0,0 6,5 0,0 5,8 28,4 19:33 214
10 21,2 25,7 17:00 17,6 15:55 0,0 2,8 10,0 4,0 23,8 15:36 187
11 23,3 31,2 17:05 16,7 02:10 0,0 5,0 0,0 5,8 19,1 15:01 261
12 25,2 31,0 16:33 17,9 05:31 0,0 6,9 0,0 6,6 24,5 13:49 256
13 26,7 33,3 14:17 21,1 06:20 0,0 8,4 0,0 5,0 35,6 17:45 173
14 26,0 33,0 17:32 19,0 05:26 0,0 7,6 0,0 5,5 23,8 16:19 205
15 26,5 34,3 16:25 19,0 06:16 0,0 8,2 0,0 6,1 18,0 12:55 234
16 27,5 35,9 17:09 19,3 06:09 0,0 9,2 0,0 7,7 25,9 13:10 246
17 28,7 36,0 16:18 21,9 05:12 0,0 10,3 0,0 6,3 27,7 16:33 223
18 29,7 36,5 14:38 23,1 07:15 0,0 11,3 0,0 6,7 25,6 15:43 221
19 28,9 35,6 15:05 21,8 07:06 0,0 10,6 0,0 7,0 25,9 15:33 209
20 28,3 34,7 16:03 19,7 06:50 0,0 10,0 0,0 6,3 27,7 15:03 223
21 29,2 38,5 14:36 20,6 07:10 0,0 10,8 0,0 6,5 23,8 14:05 234
22 29,1 38,4 14:28 21,5 06:44 0,0 10,8 0,0 6,7 33,1 13:21 209
23 28,2 34,4 14:36 21,8 07:08 0,0 9,8 0,0 5,4 14,4 13:12 229
24 26,8 37,3 14:54 20,4 17:03 0,0 8,4 4,0 6,1 58,0 15:55 202
25 27,7 35,0 15:56 20,6 06:20 0,0 9,4 0,0 6,2 22,3 13:59 194
26 28,5 36,8 15:11 21,6 06:50 0,0 10,2 0,0 7,4 33,8 18:59 208
27 26,5 34,9 14:42 20,2 07:05 0,0 8,1 0,0 7,5 24,8 18:16 184
28 26,5 33,4 12:04 20,2 07:20 0,0 8,1 0,0 7,2 32,4 19:12 176
29 25,6 32,0 13:00 19,8 06:33 0,0 7,2 0,0 6,1 26,6 14:37 183
30 26,5 34,9 17:11 19,4 05:43 0,0 8,1 0,0 5,8 21,2 13:40 245
31 25,9 33,4 16:11 18,5 07:09 0,0 7,5 0,0 5,9 19,1 12:26 257
---------------------------------------------------------------------------------------
27,0 38,5 21 16,7 11 0,0 269,2 14,0 6,5 58,0 24 219