NOAA-Style Climate Reports
2024: Jan | Feb | Mar | Apr | May | Jun | Jul | Aug | Sep | Oct | Nov | Dec
2023: Jan | Feb | Mar | Apr | May | Jun | Jul | Aug | Sep | Oct | Nov | Dec
2022: Jan | Feb | Mar | Apr | May | Jun | Jul | Aug | Sep | Oct | Nov | Dec
2021: Jan | Feb | Mar | Apr | May | Jun | Jul | Aug | Sep | Oct | Nov | Dec
2020: Jan | Feb | Mar | Apr | May | Jun | Jul | Aug | Sep | Oct | Nov | Dec
2019: Jan | Feb | Mar | Apr | May | Jun | Jul | Aug | Sep | Oct | Nov | Dec
Report for 2024 01
MONTHLY CLIMATOLOGICAL SUMMARY for ΞΞ±Ξ½ 2024
NAME: Tagarades Thermi
ELEV: 60 meters LAT: 40-29.38 N LONG: 023-01.45 E
TEMPERATURE (Β°C), RAIN (mm), WIND SPEED (km/h)
HEAT COOL AVG
MEAN DEG DEG WIND DOM
DAY TEMP HIGH TIME LOW TIME DAYS DAYS RAIN SPEED HIGH TIME DIR
---------------------------------------------------------------------------------------
01 9,6 15,3 15:55 5,3 08:21 8,8 0,0 0,0 4,1 14,4 13:09 217
02 9,9 17,1 14:39 6,2 02:17 8,4 0,0 0,0 4,7 14,4 00:08 212
03 8,9 14,6 10:30 5,4 05:15 9,4 0,0 0,0 5,2 14,4 01:23 200
04 10,8 19,4 15:33 5,2 05:34 7,5 0,0 0,0 5,6 17,3 21:27 211
05 10,3 18,1 13:52 5,6 06:07 8,0 0,0 0,0 4,7 14,4 07:47 210
06 11,3 17,3 13:55 6,5 04:43 7,0 0,0 0,0 5,7 44,6 22:13 151
07 10,8 16,4 00:40 8,3 21:58 7,5 0,0 6,4 4,5 42,5 01:10 132
08 10,1 16,9 15:12 6,1 07:04 8,2 0,0 0,0 4,9 14,4 03:32 214
09 4,7 8,8 01:56 1,7 17:55 13,6 0,0 16,8 6,5 35,6 08:01 296
10 3,0 7,3 15:36 -0,9 23:56 15,3 0,0 0,0 4,9 14,4 01:49 261
11 1,9 7,6 14:36 -2,0 07:25 16,4 0,0 0,0 4,9 18,0 23:23 229
12 4,6 8,7 16:15 1,3 07:31 13,8 0,0 0,0 7,9 26,6 02:46 302
13 2,6 6,1 14:52 -0,2 19:02 15,7 0,0 0,0 7,2 25,2 10:52 305
14 1,2 8,0 15:06 -4,4 07:33 17,2 0,0 0,0 5,3 15,1 00:07 228
15 3,3 8,2 11:25 -2,0 05:15 15,0 0,0 0,4 4,4 14,4 01:42 225
16 6,9 14,0 14:31 1,5 04:35 11,5 0,0 0,0 6,0 24,5 16:58 240
17 9,5 15,0 13:17 5,5 00:00 8,8 0,0 0,0 2,4 12,2 14:23 248
18 12,9 19,7 15:19 8,0 07:18 5,5 0,0 1,6 5,6 32,4 15:26 161
19 14,4 22,4 14:10 9,3 06:55 3,9 0,0 0,0 5,4 15,8 14:51 199
20 5,7 11,5 00:10 0,8 20:15 12,7 0,0 12,0 9,2 32,4 14:04 274
21 2,8 7,2 16:45 -1,8 00:00 15,5 0,0 0,8 6,3 21,2 14:08 267
22 1,2 7,7 16:05 -3,2 06:21 17,1 0,0 0,0 5,7 15,1 13:40 222
23 2,0 8,5 15:27 -3,7 07:50 16,4 0,0 0,0 5,5 15,8 05:06 240
24 4,2 12,3 14:39 -0,5 02:48 14,1 0,0 0,0 3,9 20,1 12:39 269
25 8,8 14,5 14:03 1,9 03:44 9,5 0,0 0,0 9,7 44,6 15:24 319
26 10,1 13,7 14:15 6,6 23:55 8,2 0,0 0,0 12,8 52,6 11:55 320
27 8,0 13,4 13:00 1,7 05:10 10,4 0,0 0,0 12,0 61,9 13:45 324
28 6,6 11,3 14:00 3,0 07:35 11,7 0,0 0,0 7,6 33,8 16:50 316
29 5,7 11,5 13:50 1,5 07:21 12,6 0,0 0,0 4,2 24,5 22:11 186
30 4,7 10,3 14:41 -1,4 07:45 13,6 0,0 0,0 5,7 27,7 11:57 156
31 2,4 10,1 15:22 -3,6 06:10 16,0 0,0 0,0 6,0 14,4 01:42 223
---------------------------------------------------------------------------------------
6,7 22,4 19 -4,4 14 359,4 0,0 38,0 6,1 61,9 27 259